{"id":2141,"date":"2021-09-15T06:28:22","date_gmt":"2021-09-15T04:28:22","guid":{"rendered":"http:\/\/sp2czaniec.edu.pl\/?page_id=2141"},"modified":"2025-11-03T18:02:25","modified_gmt":"2025-11-03T17:02:25","slug":"z-zycia-klas","status":"publish","type":"page","link":"https:\/\/sp2czaniec.edu.pl\/?page_id=2141","title":{"rendered":"Z \u017cycia szko\u0142y"},"content":{"rendered":"<p align=\"center\"><span style=\"font-size: 14pt; font-family: book antiqua, palatino, serif;\"><b>Harmonogram zebra\u0144 i konsultacji w roku szkolnym 2025\/26<\/b><\/span><\/p>\n<p>&nbsp;<\/p>\n<p style=\"text-align: center;\"><span style=\"font-family: book antiqua, palatino, serif; font-size: 12pt;\"><strong>Zebrania dla klas I \u2013 III<\/strong><\/span><\/p>\n<p style=\"text-align: center;\"><span style=\"font-family: book antiqua, palatino, serif; font-size: 12pt;\">8 wrze\u015bnia 2025 r. &#8211; godz. 17.00<\/span><br \/>\n<span style=\"font-family: book antiqua, palatino, serif; font-size: 12pt;\">15 grudnia 2025 r. \u2013 godz. 17.00<\/span><br \/>\n<span style=\"font-family: book antiqua, palatino, serif; font-size: 12pt;\">25 maja 2026 r. \u2013 godz. 17.00<\/span><\/p>\n<p style=\"text-align: center;\"><span style=\"font-family: book antiqua, palatino, serif; font-size: 12pt;\"><strong>Zebrania dla klas IV \u2013 VIII<\/strong><\/span><\/p>\n<p style=\"text-align: center;\"><span style=\"font-family: book antiqua, palatino, serif; font-size: 12pt;\">9 wrze\u015bnia 2025 r. &#8211; godz. 17.00<\/span><br \/>\n<span style=\"font-family: book antiqua, palatino, serif; font-size: 12pt;\">16 grudnia 2025 r. \u2013 godz. 17.00<\/span><br \/>\n<span style=\"font-family: book antiqua, palatino, serif; font-size: 12pt;\">26 maja 2026 r. \u2013 godz. 17.00<\/span><\/p>\n<p style=\"text-align: center;\"><span style=\"font-family: book antiqua, palatino, serif; font-size: 12pt;\"><strong>Konsultacje z rodzicami<\/strong><\/span><\/p>\n<p style=\"text-align: center;\"><span style=\"font-family: book antiqua, palatino, serif; font-size: 12pt;\">27 pa\u017adziernika 2025 r. \u2013 godz. 17.00 \u2013 18.00<\/span><br \/>\n<span style=\"font-family: book antiqua, palatino, serif; font-size: 12pt;\">23 marca 2026 r. \u2013 godz. 17.00 \u2013 18.00<\/span><\/p>\n<p>&nbsp;<\/p>\n<p><span style=\"font-family: book antiqua, palatino, serif; font-size: 12pt;\">Ewentualne zmiany zostan\u0105 podane w mobidzienniku.<\/span><\/p>\n<p><span style=\"font-family: book antiqua, palatino, serif; font-size: 12pt;\">Po zebraniach z rodzicami jest mo\u017cliwo\u015b\u0107 konsultacji z nauczycielami.<\/span><\/p>\n<p>&nbsp;<\/p>\n<p style=\"text-align: center;\"><span style=\"font-size: 14pt; font-family: book antiqua, palatino, serif;\"><b>KALENDARZ ROKU SZKOLNEGO<\/b><\/span><\/p>\n<p style=\"text-align: center;\"><span style=\"font-size: 12pt; font-family: book antiqua, palatino, serif;\"><b><br \/>\n<\/b>1 wrze\u015bnia 2025 r. &#8211; rozpocz\u0119cie roku szkolnego<br \/>\n4 listopada 2025 r. &#8211; Dzie\u0144 Patrona<br \/>\n22 grudnia 2025 r. &#8211; 6 stycznia 2026 r. &#8211; zimowa przerwa \u015bwi\u0105teczna<br \/>\n16 lutego \u2013 1 marca 2026 r. &#8211; ferie zimowe<br \/>\n2 kwietnia &#8211; 7 kwietnia 2026 r. \u2013 wiosenna przerwa \u015bwi\u0105teczna<br \/>\n11 &#8211; 13 maja 2026 r. &#8211; egzamin \u00f3smoklasisty<br \/>\n30 maja 2026 r. &#8211; piknik szkolny<br \/>\n26 czerwca 2026 r. &#8211; koniec roku szkolnego<\/span><\/p>\n<p>&nbsp;<\/p>\n<p style=\"text-align: center;\"><span style=\"font-size: 12pt; font-family: book antiqua, palatino, serif;\"><b><br \/>\n<span style=\"font-size: 14pt;\">DODATKOWE DNI WOLNE OD ZAJ\u0118\u0106 DYDAKTYCZNYCH (dni dyrektorskie)<\/span><\/b><\/span><\/p>\n<p style=\"text-align: center;\"><span style=\"font-size: 12pt; font-family: book antiqua, palatino, serif;\"><b><br \/>\n<\/b>10 listopada 2025 r. (poniedzia\u0142ek)<br \/>\n2 stycznia 2026 r. (pi\u0105tek)<br \/>\n5 stycznia 2026 r. (poniedzia\u0142ek)<br \/>\n11 &#8211; 13 maja 2026 r. (poniedzia\u0142ek \u2013 \u015broda)<br \/>\ntylko dla klas 1-7<br \/>\n5 czerwca 2026 r. (pi\u0105tek)<br \/>\n22 czerwca 2026 r. (poniedzia\u0142ek)<\/span><\/p>\n<p>&nbsp;<\/p>\n<p style=\"text-align: center;\"><span style=\"font-family: book antiqua, palatino, serif; font-size: 14pt;\"><strong>STR\u00d3J GALOWY OBOWI\u0104ZUJE W NAST\u0118PUJ\u0104CE DNI<\/strong><\/span><\/p>\n<p style=\"text-align: center;\"><span style=\"font-family: book antiqua, palatino, serif; font-size: 12pt;\"><strong><br \/>\n<\/strong>Rozpocz\u0119cie roku szkolnego: 1 wrze\u015bnia 2025r.<\/span><br \/>\n<span style=\"font-family: book antiqua, palatino, serif; font-size: 12pt;\">\u015awi\u0119to Edukacji Narodowej (szkolne obchody): 13 pa\u017adziernika 2025 r.<\/span><br \/>\n<span style=\"font-family: book antiqua, palatino, serif; font-size: 12pt;\">Dzie\u0144 Patrona: 4 listopada 2025 r.<\/span><br \/>\n<span style=\"font-family: book antiqua, palatino, serif; font-size: 12pt;\">Narodowe \u015awi\u0119to Niepodleg\u0142o\u015bci (szkolne obchody): 7 listopada 2025 r.<\/span><br \/>\n<span style=\"font-family: book antiqua, palatino, serif; font-size: 12pt;\">Wigilijki klasowe: 19 grudnia 2025 r.<\/span><br \/>\n<span style=\"font-family: book antiqua, palatino, serif; font-size: 12pt;\">Egzamin \u00f3smoklasisty: 11 &#8211; 13 maja 2026 r. (tylko klasy 8)<\/span><br \/>\n<span style=\"font-family: book antiqua, palatino, serif; font-size: 12pt;\">Zako\u0144czenie roku szkolnego: 26 czerwca 2026r.<\/span><\/p>\n<p align=\"center\">&nbsp;<\/p>\n<p align=\"center\"><span style=\"font-family: book antiqua, palatino, serif; font-size: 12pt;\"><b>ZAJ\u0118CIA POZALEKCYJNE<\/b><\/span><\/p>\n<p align=\"center\"><span style=\"font-family: book antiqua, palatino, serif; font-size: 12pt;\">Szko\u0142a organizuje zaj\u0119cia pozalekcyjne zgodnie z ustalonym harmonogramem.<\/span><\/p>\n<p align=\"center\"><span style=\"font-family: book antiqua, palatino, serif; font-size: 12pt;\">Wykaz zaj\u0119\u0107 b\u0119dzie przekazywany uczniom przez nauczycieli poszczeg\u00f3lnych przedmiot\u00f3w. Zostanie r\u00f3wnie\u017c udost\u0119pniony na stronie internetowej szko\u0142y.<\/span><\/p>\n<p align=\"center\">&nbsp;<\/p>\n<p align=\"center\"><span style=\"font-family: book antiqua, palatino, serif; font-size: 12pt;\"><b>SZKOLNE KO\u0141O WOLONTARIATU<\/b><\/span><\/p>\n<p><span style=\"font-family: book antiqua, palatino, serif; font-size: 12pt;\">W szkole dzia\u0142a Szkolne Ko\u0142o Wolontariatu \u201ePomocna d\u0142o\u0144\u201d. Dzia\u0142ania w ramach wolontariatu s\u0105 podejmowane zgodnie z planem oraz bie\u017c\u0105cymi potrzebami. Opiekunowie \u2013 p. A. Tomiak, p. M. Tomiak i p. K. Sporek, p. A. Wykr\u0119t<\/span><\/p>\n<p>&nbsp;<\/p>\n<p style=\"text-align: center;\"><span style=\"font-family: book antiqua, palatino, serif; font-size: 12pt;\"><strong>GODZINY PRACY SEKRETARIATU<\/strong><\/span><br \/>\n<span style=\"font-family: book antiqua, palatino, serif; font-size: 12pt;\">Codziennie od 7.00 do 15.00<\/span><\/p>\n<p style=\"text-align: center;\">&nbsp;<\/p>\n<p style=\"text-align: center;\"><span style=\"font-family: book antiqua, palatino, serif; font-size: 12pt;\"><strong>GODZINY PRACY PIEL\u0118GNIARKI SZKOLNEJ<\/strong><\/span><br \/>\n<span style=\"font-family: book antiqua, palatino, serif; font-size: 12pt;\">Poniedzia\u0142ek od 10.30 do 14.00<\/span><\/p>\n","protected":false},"excerpt":{"rendered":"<p>Harmonogram zebra\u0144 i konsultacji w roku szkolnym 2025\/26 &nbsp; Zebrania dla klas I \u2013 III 8 wrze\u015bnia 2025 r. &#8211; godz. 17.00 15 grudnia 2025 r. \u2013 godz. 17.00 25 maja 2026 r. \u2013 godz. 17.00 Zebrania dla klas IV \u2013 VIII 9 wrze\u015bnia 2025 r. &#8211; godz. 17.00 16 [&hellip;]<\/p>\n","protected":false},"author":1,"featured_media":0,"parent":0,"menu_order":0,"comment_status":"closed","ping_status":"closed","template":"","meta":{"ngg_post_thumbnail":0,"footnotes":""},"class_list":["post-2141","page","type-page","status-publish","hentry"],"_links":{"self":[{"href":"https:\/\/sp2czaniec.edu.pl\/index.php?rest_route=\/wp\/v2\/pages\/2141","targetHints":{"allow":["GET"]}}],"collection":[{"href":"https:\/\/sp2czaniec.edu.pl\/index.php?rest_route=\/wp\/v2\/pages"}],"about":[{"href":"https:\/\/sp2czaniec.edu.pl\/index.php?rest_route=\/wp\/v2\/types\/page"}],"author":[{"embeddable":true,"href":"https:\/\/sp2czaniec.edu.pl\/index.php?rest_route=\/wp\/v2\/users\/1"}],"replies":[{"embeddable":true,"href":"https:\/\/sp2czaniec.edu.pl\/index.php?rest_route=%2Fwp%2Fv2%2Fcomments&post=2141"}],"version-history":[{"count":16,"href":"https:\/\/sp2czaniec.edu.pl\/index.php?rest_route=\/wp\/v2\/pages\/2141\/revisions"}],"predecessor-version":[{"id":6405,"href":"https:\/\/sp2czaniec.edu.pl\/index.php?rest_route=\/wp\/v2\/pages\/2141\/revisions\/6405"}],"wp:attachment":[{"href":"https:\/\/sp2czaniec.edu.pl\/index.php?rest_route=%2Fwp%2Fv2%2Fmedia&parent=2141"}],"curies":[{"name":"wp","href":"https:\/\/api.w.org\/{rel}","templated":true}]}}

Z życia szkoły

<p align="center"><span style="font-size: 14pt; font-family: book antiqua, palatino, serif;"><b>Harmonogram zebrań i konsultacji w roku szkolnym 2025/26</b></span></p>
<p>&nbsp;</p>
<p style="text-align: center;"><span style="font-family: book antiqua, palatino, serif; font-size: 12pt;"><strong>Zebrania dla klas I – III</strong></span></p>
<p style="text-align: center;"><span style="font-family: book antiqua, palatino, serif; font-size: 12pt;">8 września 2025 r. &#8211; godz. 17.00</span><br />
<span style="font-family: book antiqua, palatino, serif; font-size: 12pt;">15 grudnia 2025 r. – godz. 17.00</span><br />
<span style="font-family: book antiqua, palatino, serif; font-size: 12pt;">25 maja 2026 r. – godz. 17.00</span></p>
<p style="text-align: center;"><span style="font-family: book antiqua, palatino, serif; font-size: 12pt;"><strong>Zebrania dla klas IV – VIII</strong></span></p>
<p style="text-align: center;"><span style="font-family: book antiqua, palatino, serif; font-size: 12pt;">9 września 2025 r. &#8211; godz. 17.00</span><br />
<span style="font-family: book antiqua, palatino, serif; font-size: 12pt;">16 grudnia 2025 r. – godz. 17.00</span><br />
<span style="font-family: book antiqua, palatino, serif; font-size: 12pt;">26 maja 2026 r. – godz. 17.00</span></p>
<p style="text-align: center;"><span style="font-family: book antiqua, palatino, serif; font-size: 12pt;"><strong>Konsultacje z rodzicami</strong></span></p>
<p style="text-align: center;"><span style="font-family: book antiqua, palatino, serif; font-size: 12pt;">27 października 2025 r. – godz. 17.00 – 18.00</span><br />
<span style="font-family: book antiqua, palatino, serif; font-size: 12pt;">23 marca 2026 r. – godz. 17.00 – 18.00</span></p>
<p>&nbsp;</p>
<p><span style="font-family: book antiqua, palatino, serif; font-size: 12pt;">Ewentualne zmiany zostaną podane w mobidzienniku.</span></p>
<p><span style="font-family: book antiqua, palatino, serif; font-size: 12pt;">Po zebraniach z rodzicami jest możliwość konsultacji z nauczycielami.</span></p>
<p>&nbsp;</p>
<p style="text-align: center;"><span style="font-size: 14pt; font-family: book antiqua, palatino, serif;"><b>KALENDARZ ROKU SZKOLNEGO</b></span></p>
<p style="text-align: center;"><span style="font-size: 12pt; font-family: book antiqua, palatino, serif;"><b><br />
</b>1 września 2025 r. &#8211; rozpoczęcie roku szkolnego<br />
4 listopada 2025 r. &#8211; Dzień Patrona<br />
22 grudnia 2025 r. &#8211; 6 stycznia 2026 r. &#8211; zimowa przerwa świąteczna<br />
16 lutego – 1 marca 2026 r. &#8211; ferie zimowe<br />
2 kwietnia &#8211; 7 kwietnia 2026 r. – wiosenna przerwa świąteczna<br />
11 &#8211; 13 maja 2026 r. &#8211; egzamin ósmoklasisty<br />
30 maja 2026 r. &#8211; piknik szkolny<br />
26 czerwca 2026 r. &#8211; koniec roku szkolnego</span></p>
<p>&nbsp;</p>
<p style="text-align: center;"><span style="font-size: 12pt; font-family: book antiqua, palatino, serif;"><b><br />
<span style="font-size: 14pt;">DODATKOWE DNI WOLNE OD ZAJĘĆ DYDAKTYCZNYCH (dni dyrektorskie)</span></b></span></p>
<p style="text-align: center;"><span style="font-size: 12pt; font-family: book antiqua, palatino, serif;"><b><br />
</b>10 listopada 2025 r. (poniedziałek)<br />
2 stycznia 2026 r. (piątek)<br />
5 stycznia 2026 r. (poniedziałek)<br />
11 &#8211; 13 maja 2026 r. (poniedziałek – środa)<br />
tylko dla klas 1-7<br />
5 czerwca 2026 r. (piątek)<br />
22 czerwca 2026 r. (poniedziałek)</span></p>
<p>&nbsp;</p>
<p style="text-align: center;"><span style="font-family: book antiqua, palatino, serif; font-size: 14pt;"><strong>STRÓJ GALOWY OBOWIĄZUJE W NASTĘPUJĄCE DNI</strong></span></p>
<p style="text-align: center;"><span style="font-family: book antiqua, palatino, serif; font-size: 12pt;"><strong><br />
</strong>Rozpoczęcie roku szkolnego: 1 września 2025r.</span><br />
<span style="font-family: book antiqua, palatino, serif; font-size: 12pt;">Święto Edukacji Narodowej (szkolne obchody): 13 października 2025 r.</span><br />
<span style="font-family: book antiqua, palatino, serif; font-size: 12pt;">Dzień Patrona: 4 listopada 2025 r.</span><br />
<span style="font-family: book antiqua, palatino, serif; font-size: 12pt;">Narodowe Święto Niepodległości (szkolne obchody): 7 listopada 2025 r.</span><br />
<span style="font-family: book antiqua, palatino, serif; font-size: 12pt;">Wigilijki klasowe: 19 grudnia 2025 r.</span><br />
<span style="font-family: book antiqua, palatino, serif; font-size: 12pt;">Egzamin ósmoklasisty: 11 &#8211; 13 maja 2026 r. (tylko klasy 8)</span><br />
<span style="font-family: book antiqua, palatino, serif; font-size: 12pt;">Zakończenie roku szkolnego: 26 czerwca 2026r.</span></p>
<p align="center">&nbsp;</p>
<p align="center"><span style="font-family: book antiqua, palatino, serif; font-size: 12pt;"><b>ZAJĘCIA POZALEKCYJNE</b></span></p>
<p align="center"><span style="font-family: book antiqua, palatino, serif; font-size: 12pt;">Szkoła organizuje zajęcia pozalekcyjne zgodnie z ustalonym harmonogramem.</span></p>
<p align="center"><span style="font-family: book antiqua, palatino, serif; font-size: 12pt;">Wykaz zajęć będzie przekazywany uczniom przez nauczycieli poszczególnych przedmiotów. Zostanie również udostępniony na stronie internetowej szkoły.</span></p>
<p align="center">&nbsp;</p>
<p align="center"><span style="font-family: book antiqua, palatino, serif; font-size: 12pt;"><b>SZKOLNE KOŁO WOLONTARIATU</b></span></p>
<p><span style="font-family: book antiqua, palatino, serif; font-size: 12pt;">W szkole działa Szkolne Koło Wolontariatu „Pomocna dłoń”. Działania w ramach wolontariatu są podejmowane zgodnie z planem oraz bieżącymi potrzebami. Opiekunowie – p. A. Tomiak, p. M. Tomiak i p. K. Sporek, p. A. Wykręt</span></p>
<p>&nbsp;</p>
<p style="text-align: center;"><span style="font-family: book antiqua, palatino, serif; font-size: 12pt;"><strong>GODZINY PRACY SEKRETARIATU</strong></span><br />
<span style="font-family: book antiqua, palatino, serif; font-size: 12pt;">Codziennie od 7.00 do 15.00</span></p>
<p style="text-align: center;">&nbsp;</p>
<p style="text-align: center;"><span style="font-family: book antiqua, palatino, serif; font-size: 12pt;"><strong>GODZINY PRACY PIELĘGNIARKI SZKOLNEJ</strong></span><br />
<span style="font-family: book antiqua, palatino, serif; font-size: 12pt;">Poniedziałek od 10.30 do 14.00</span></p>

<p>Harmonogram zebrań i konsultacji w roku szkolnym 2025/26 &nbsp; Zebrania dla klas I – III 8 września 2025 r. &#8211; godz. 17.00 15 grudnia 2025 r. – godz. 17.00 25 maja 2026 r. – godz. 17.00 Zebrania dla klas IV – VIII 9 września 2025 r. &#8211; godz. 17.00 16 [&hellip;]</p>
